actors of s?
2, 3, 6733
Suppose 0 = -10*w + 1024 + 3996. Let z = -59 + w. List the prime factors of z.
443
Let c = 19196 - 9386. List the prime factors of c.
2, 3, 5, 109
Suppose 0 = s + y - 4742, -3*s + 6*s + 5*y = 14226. Suppose -4*x = -2*r - s, 1182 = 5*x - 4*x - 4*r. List the prime factors of x.
2, 593
Let s = -117 - -117. Suppose s = -11*x + 27*x - 8800. List the prime factors of x.
2, 5, 11
Let i(z) = -z**3 + 2*z**2 + 10*z - 7. Let y be i(4). Let h be -3 - -84 - y - (-2 + 2). Let j = h + -31. What are the prime factors of j?
7
Suppose 0 = -1023*y + 1018*y + 20. Suppose y*k = -o + 313, 11*o - 10*o = k + 323. What are the prime factors of o?
3, 107
List the prime factors of 391/85 + -3 - (-492964)/10.
2, 157
Suppose -k - w + 19344 = 0, 5*k + 29*w = 25*w + 96722. What are the prime factors of k?
2, 17, 569
Suppose 3*b - 2*x - 20 = -3*x, 4*b = 5*x + 14. Suppose 3*a - 384 = 2*p + 493, 5*a - 4*p - 1461 = 0. Suppose -1277 = -b*j - a. What are the prime factors of j?
2, 41
Let z(h) = -3*h**2 - 33*h - 49. Let w be z(-9). Suppose 0 = -w*n, -4090 = -5*p - 3*n + 2110. What are the prime factors of p?
2, 5, 31
Let x be (2/1 - 141)*(-22)/22. Let g = x + 432. What are the prime factors of g?
571
Let k = 17298 - 7278. What are the prime factors of k?
2, 3, 5, 167
Suppose 13536 = -1147*b + 1151*b. What are the prime factors of b?
2, 3, 47
Suppose 2*l - 107428 = 2*d - 1094, 5*l = 4*d + 265839. List the prime factors of l.
53171
Let w(t) = 50*t**2 - 163*t + 2366. List the prime factors of w(17).
5, 53
List the prime factors of (-246746)/(-4) - (396/24)/(-11).
2, 11, 701
Suppose -h + 6 = 2*v - 0, -5*h = 5*v - 20. Let u = h + -6. List the prime factors of u/16 + 642/8.
2, 5
Let k be (-129)/86 + (-11)/(-2). Suppose -5*h - 424 - 181 = -2*u, 0 = -5*u - k*h + 1562. List the prime factors of u.
2, 5, 31
Let r(z) = -5*z**3 + z**2 + 7*z + 5. Let s be (429/44)/(3/20). Let x = s + -67. What are the prime factors of r(x)?
5, 7
Let j(z) = 11*z**2 - 1150. What are the prime factors of j(-44)?
2, 7, 1439
Let f = 656 + 55. Suppose 1 = -i, -5*i = -5*r + f + 9. List the prime factors of r.
11, 13
Let f(n) = -n**3 - 8*n**2 + 2*n + 8. Let p be f(-8). Let i be (44/p - -3)*(-6)/3. Suppose 31 = w - u + 2, -2*w + i*u = -49. What are the prime factors of w?
2
Suppose -6*a = -12*a - 6. What are the prime factors of -2 - (0 + -3 - a)*61?
2, 3, 5
Let r(y) = 39*y - 180. Let i = 193 - 179. What are the prime factors of r(i)?
2, 3, 61
Suppose 3*x = -5*l + 12949, -5*l + 7*l - 5*x = 5161. What are the prime factors of -2 + -4 + (-7)/((-14)/l)?
2, 7, 23
Let s be (-99)/(-6)*(-56)/(-6). Let w(n) = n**2 - 31*n + 112. Let a be w(27). Suppose s = a*v + 14. List the prime factors of v.
5, 7
Let o be 9/9*5*5. Let w be (o + (5 - 3))*6/(-18). Let l(c) = -c**2 - 15*c - 7. List the prime factors of l(w).
47
Suppose -6*t + 548 = -2*t. Suppose -10486 = 130*g - t*g. List the prime factors of g.
2, 7, 107
Let f(m) = 2*m**2 - 19*m - 7. Let c(i) = i**2 - 10*i - 3. Let n(a) = -11*c(a) + 6*f(a). Let j be n(6). List the prime factors of j/12*0 - -94.
2, 47
Let u(t) = -3*t + 16. Let a be u(14). Let y = a + -13. Let h = 5 - y. List the prime factors of h.
2, 11
Suppose -2*v + 227 = -s - 735, -4*v = -s - 1926. Suppose -14*t = -v - 358. List the prime factors of t.
2, 3, 5
Suppose 0 = -5*o + 2*n + 217163, -o + 43435 = -150*n + 152*n. List the prime factors of o.
13, 257
Suppose 0 = 3*c - 5*w - 140, 2*w + 70 - 25 = c. List the prime factors of (682/c)/(2/110).
2, 11, 31
Suppose -24*s + 27*s + 81 = 0. Let o = -28 - s. List the prime factors of o + 1 + 1 - 8/(-4).
3
Let x(a) = -16*a**3 + 3*a**2 - 2*a. Suppose -2*q = -4*q - 8. Let j be x(q). Suppose 0 = 6*r - r - j. What are the prime factors of r?
2, 3
Let d = 67 - 49. Suppose 10 = 23*a - d*a. Suppose -a*g + 4*c = -238, 3*g - 8*g + 585 = -5*c. What are the prime factors of g?
5, 23
Let o(u) = -u**3 + 58*u**2 - 209*u + 173. List the prime factors of o(54).
19, 29
Let x = 236 + -239. Let w = 164 - x. What are the prime factors of w?
167
Let a be (-3 + 0)*(32/12 - 1). Let n(o) = -13*o**3 + 2*o**2 + 6*o + 4. What are the prime factors of n(a)?
17, 97
Let t(g) = 3*g**3 + 139*g**2 - 2143*g - 25. List the prime factors of t(14).
5449
Let d(j) = j - 30. Let q be d(36). Suppose q*r - 9*r + 93 = m, -r = m - 83. List the prime factors of m.
2, 3, 13
Let q(f) = -7*f + 44. Let w be q(6). Suppose 5*y = -4*h + 1584 - 103, -w*h + 1180 = 4*y. Let a = -153 + y. What are the prime factors of a?
2, 5, 7
Let d be (-2)/(-1 + (-10)/(-6)). Let t(b) = -44 - 2*b - 59*b + 47 - 26 - 3. List the prime factors of t(d).
157
Suppose -42*r = -374498 + 38624. What are the prime factors of r?
11, 727
What are the prime factors of (-6595813)/(-1309) + (-4)/(-22)?
5039
What are the prime factors of 1*(-7 + (-15 - -11668))?
2, 3, 647
Let b = -862 + 568. What are the prime factors of (-2)/(-12) - 101381/b?
3, 5, 23
Let p(g) = 2*g**2 - 2*g - 4. Suppose z - 2 + 7 = 2*w, 2*w = 4*z - 4. Let o be p(z). Suppose -o*i + 166 + 274 = 0. List the prime factors of i.
5, 11
Let k = -18785 + 18798. Let j(w) = w + 1. Let b(a) = a**2 - 7*a + 8. Let q(u) = b(u) - 5*j(u). What are the prime factors of q(k)?
2
Suppose 8570 = 5*q + 5*c, -37*c - 8 = -41*c. List the prime factors of q.
2, 107
Let x(l) = 48*l + 141. Let m = -505 + 521. List the prime factors of x(m).
3, 101
Suppose 166*x = 167*x - 33. Suppose -32*z + x*z = 297. What are the prime factors of z?
3, 11
Suppose -172*f + 216*f - 1220692 = 0. What are the prime factors of f?
27743
Let t = 8924 - 2157. What are the prime factors of t?
67, 101
Let b = -100 + 355. Suppose -2*y + 1694 = -5*o, -y + 597 + b = -5*o. What are the prime factors of y?
2, 421
Let h(m) = m**2 - 21*m - 83. Suppose -p = -3*q + 87, -26 = -2*q - 5*p + 15. List the prime factors of h(q).
113
Let v(h) be the first derivative of 11*h**2/2 - 9*h - 8. Let o = 16 - 12. What are the prime factors of v(o)?
5, 7
Suppose -c = -2*c - 3*s + 21, -5*c - 5*s + 65 = 0. Suppose 1381 = 3*t - 4*i, -c*i + 4*i + 10 = 0. List the prime factors of t.
463
Let s = 2105 + -781. Suppose -s = -5*c + 2*r, 4*r + 18 = c - 254. Let w = c + -188. What are the prime factors of w?
2, 19
Suppose 8 = 2*l + 3*n, -4*n + 1 = -l + 5. Suppose -t = 4*f + 2*t + 877, 5*f = -l*t - 1097. Let g = f + 322. What are the prime factors of g?
3, 5, 7
Suppose 13*k = -15 + 67. Suppose k*c - 4*f - 402 = -2*f, -108 = -c + 2*f. List the prime factors of c.
2, 7
List the prime factors of 610/(-35)*1*-4109.
2, 61, 587
Suppose 0 = -y - 9*y. Let s be y + 978 + (-13 - -9). Suppose s = 8*b + 222. List the prime factors of b.
2, 47
Suppose -277*v + 11497411 - 2584105 = 0. What are the prime factors of v?
2, 3, 31, 173
Let j(t) = -25*t + 54. Let b be j(2). What are the prime factors of (-83*b)/((-38)/133)?
2, 7, 83
Suppose -14*x + 19*x = m + 32868, x + 4*m - 6582 = 0. List the prime factors of x.
2, 19, 173
What are the prime factors of 6 - -69665 - (-13)/(52/32)?
59, 1181
Let l(k) = 2 + 42*k + 5*k + 63*k + 257. What are the prime factors of l(7)?
3, 7
Let z(s) = s**2 + 7*s - 1. Let t be z(-8). List the prime factors of 1356 + -10 + t + 0.
3, 11, 41
Let k(h) = -39*h - 81. Let d(g) = -38*g - 83. Let x(p) = -7*d(p) + 6*k(p). What are the prime factors of x(18)?
11, 61
Let b = 101 + -88. Suppose -b*z = -10*z - 12. Suppose -322 - 362 = -z*t. What are the prime factors of t?
3, 19
Let n be 6 - (-4)/8*2. Suppose n*d + 75 = i + 2*d, 2*d = -2*i + 150. Suppose u - 2*u + s = -i, 292 = 4*u - 2*s. List the prime factors of u.
71
Suppose 3*a - 6 + 51 = b, 23 = -a + 3*b. Let l = a - -10. What are the prime factors of (l/(-1))/((-8)/(-60))?
2, 3, 5
Let j(g) = 301*g**2 + 143*g - 13. List the prime factors of j(-3).
2267
Let c = 265437 + -186828. List the prime factors of c.
3, 26203
Let k = 140 + -258. Let g be 3*6/(-18)*39. Let h = g - k. What are the prime factors of h?
79
Suppose 27590 - 234463 = -17*i. What are the prime factors of i?
43, 283
Suppose 28 = -18*j + 11*j. Let h = 35 + -44. What are the prime factors of (-6)/j*(-858)/h?
11, 13
Suppose 4*z + u = -235, 5*u = 4*z - 9 + 274. Suppose 8*h + 657 + 311 = 0. Let k = z - h. List the prime factors of k.
61
Let f(j) = 44*j**3 - 42*j**2 + 162*j - 2. What are the prime factors of f(4)?
2, 3, 5, 31
Let h(f) = -f**3 + 2*f*